{"id":102,"date":"2024-12-19T19:40:15","date_gmt":"2024-12-19T18:40:15","guid":{"rendered":"https:\/\/moucheandco.fr\/?post_type=product&#038;p=102"},"modified":"2025-03-04T10:34:24","modified_gmt":"2025-03-04T09:34:24","slug":"bracelets-coquins","status":"publish","type":"product","link":"https:\/\/moucheandco.fr\/index.php\/produit\/bracelets-coquins\/","title":{"rendered":"Bracelets coquins"},"content":{"rendered":"<p>\ud83d\udc49<strong> Pourquoi les adopter ?<\/strong><\/p>\n<ul>\n<li>Parfaits pour provoquer un sourire ou lancer une conversation.<\/li>\n<li dir=\"auto\">100 % faits main, avec amour et un brin de malice.<\/li>\n<li dir=\"auto\">Personnalisables : choisissez votre message pour une touche encore plus personnelle.<\/li>\n<\/ul>\n<div dir=\"auto\"><\/div>\n<div dir=\"auto\"><em>\u2728 et parce qu&rsquo;un message coquin m\u00e9rite bien un embrun d&rsquo;eau sal\u00e9e&#8230; tu peux les associer avec les jolis bracelets de <strong>Laurent !<\/strong> Ils te feront voyager sans aucun doute !\u00a0 \ud83d\udc49 <a href=\"https:\/\/www.etsy.com\/fr\/shop\/marenostrumcreations\">Mare nostrum<\/a><\/em><\/div>\n<p>&nbsp;<\/p>\n<p>&nbsp;<\/p>\n","protected":false},"excerpt":{"rendered":"<p dir=\"auto\">\u2728<strong> Ose le message explicite !<\/strong> \u2728<\/p>\n<p dir=\"auto\">Envie de faire passer un message avec humour et audace ? Mes bracelets coquins sont l\u00e0 pour \u00e7a ! Chaque cr\u00e9ation est unique, compos\u00e9e de perles color\u00e9es et d&rsquo;un message d\u00e9cal\u00e9 qui fait sourire (ou rougir \ud83d\ude0f).<\/p>\n<p dir=\"auto\">Que ce soit pour un clin d&rsquo;\u0153il \u00e0 un(e) ami(e), une d\u00e9claration \u00e0 votre moiti\u00e9, ou juste pour vous amuser, <strong>ces bracelets sont faits pour les femmes (et les hommes !) qui savent ce qu&rsquo;elles veulent et n&rsquo;ont pas peur de l&rsquo;exprimer.<\/strong><\/p>\n<p dir=\"auto\"><strong>\ud83d\udcff Mes best-sellers coquins :<br \/>\n<\/strong>\u00ab\u00a0Fais-moi l&rsquo;h\u00e9licopt\u00e8re\u00a0\u00bb.<br \/>\n\u00ab\u00a0Suis moi je te suce\u00a0\u00bb ou \u00ab\u00a0Suce moi je te suis\u00a0\u00bb.<\/p>\n<p dir=\"auto\">Et plein d&rsquo;autres messages \u00e0 d\u00e9couvrir&#8230; ou \u00e0 inventer !<br \/>\nOse porter ou offrir un bracelet qui fait parler, rire et, surtout, qui casse les codes avec style.<\/p>\n<p>&nbsp;<\/p>\n","protected":false},"featured_media":43,"comment_status":"open","ping_status":"closed","template":"","meta":[],"product_brand":[],"product_cat":[19],"product_tag":[],"class_list":{"0":"post-102","1":"product","2":"type-product","3":"status-publish","4":"has-post-thumbnail","6":"product_cat-bracelets-coquins","8":"first","9":"instock","10":"shipping-taxable","11":"purchasable","12":"product-type-simple"},"aioseo_notices":[],"jetpack_sharing_enabled":true,"_links":{"self":[{"href":"https:\/\/moucheandco.fr\/index.php\/wp-json\/wp\/v2\/product\/102","targetHints":{"allow":["GET"]}}],"collection":[{"href":"https:\/\/moucheandco.fr\/index.php\/wp-json\/wp\/v2\/product"}],"about":[{"href":"https:\/\/moucheandco.fr\/index.php\/wp-json\/wp\/v2\/types\/product"}],"replies":[{"embeddable":true,"href":"https:\/\/moucheandco.fr\/index.php\/wp-json\/wp\/v2\/comments?post=102"}],"wp:featuredmedia":[{"embeddable":true,"href":"https:\/\/moucheandco.fr\/index.php\/wp-json\/wp\/v2\/media\/43"}],"wp:attachment":[{"href":"https:\/\/moucheandco.fr\/index.php\/wp-json\/wp\/v2\/media?parent=102"}],"wp:term":[{"taxonomy":"product_brand","embeddable":true,"href":"https:\/\/moucheandco.fr\/index.php\/wp-json\/wp\/v2\/product_brand?post=102"},{"taxonomy":"product_cat","embeddable":true,"href":"https:\/\/moucheandco.fr\/index.php\/wp-json\/wp\/v2\/product_cat?post=102"},{"taxonomy":"product_tag","embeddable":true,"href":"https:\/\/moucheandco.fr\/index.php\/wp-json\/wp\/v2\/product_tag?post=102"}],"curies":[{"name":"wp","href":"https:\/\/api.w.org\/{rel}","templated":true}]}}