{"id":439,"date":"2025-01-27T12:21:28","date_gmt":"2025-01-27T11:21:28","guid":{"rendered":"https:\/\/moucheandco.fr\/?post_type=product&#038;p=439"},"modified":"2025-11-17T15:37:35","modified_gmt":"2025-11-17T14:37:35","slug":"pochette-brosses-a-dents","status":"publish","type":"product","link":"https:\/\/moucheandco.fr\/index.php\/produit\/pochette-brosses-a-dents\/","title":{"rendered":"Pochette brosses \u00e0 dents"},"content":{"rendered":"<p>Marre de retrouver ta brosse \u00e0 dents en freestyle dans ton sac ? \ud83c\udf92<br \/>\nou pire, qui a d\u00e9goulin\u00e9 dans ta trousse de toilette !<br \/>\nPas de panique, cette petite pochette est l\u00e0 pour sauver la journ\u00e9e (et ton hygi\u00e8ne dentaire \ud83e\uddb7).<\/p>\n<p><strong>Fabriqu\u00e9e en tissu imperm\u00e9able et ultra-color\u00e9<\/strong> \ud83c\udf08, elle garde tout propre et au sec, tout en ajoutant une dose de style \u00e0 ta trousse de toilette. Fini les gal\u00e8res et bonjour la praticit\u00e9 !<\/p>\n<p><strong>Le petit plus ?<\/strong> Tu peux choisir ton tissu pr\u00e9f\u00e9r\u00e9 pour une pochette qui te ressemble vraiment \ud83d\udc96<br \/>\nAlors, pr\u00eat\u00b7e \u00e0 craquer pour un accessoire unique et pratique ?<\/p>\n<p><strong>Dimensions<\/strong> : parfaites pour deux brosses \u00e0 dents et un tube de dentifrice.<br \/>\n<strong>Mati\u00e8re<\/strong> : coton color\u00e9 + doublure imperm\u00e9able (PUL).<\/p>\n<p>Adopte-la, elle te suivra partout avec style et bonne humeur ! \u2728<\/p>\n","protected":false},"excerpt":{"rendered":"<p><strong>\ud83e\udea5 La pochette magique pour ta brosse \u00e0 dents ! \ud83e\udea5<\/strong><\/p>\n","protected":false},"featured_media":416,"comment_status":"open","ping_status":"closed","template":"","meta":[],"product_brand":[],"product_cat":[18],"product_tag":[],"class_list":{"0":"post-439","1":"product","2":"type-product","3":"status-publish","4":"has-post-thumbnail","6":"product_cat-reutilisable","8":"first","9":"outofstock","10":"shipping-taxable","11":"purchasable","12":"product-type-variable"},"aioseo_notices":[],"jetpack_sharing_enabled":true,"_links":{"self":[{"href":"https:\/\/moucheandco.fr\/index.php\/wp-json\/wp\/v2\/product\/439","targetHints":{"allow":["GET"]}}],"collection":[{"href":"https:\/\/moucheandco.fr\/index.php\/wp-json\/wp\/v2\/product"}],"about":[{"href":"https:\/\/moucheandco.fr\/index.php\/wp-json\/wp\/v2\/types\/product"}],"replies":[{"embeddable":true,"href":"https:\/\/moucheandco.fr\/index.php\/wp-json\/wp\/v2\/comments?post=439"}],"wp:featuredmedia":[{"embeddable":true,"href":"https:\/\/moucheandco.fr\/index.php\/wp-json\/wp\/v2\/media\/416"}],"wp:attachment":[{"href":"https:\/\/moucheandco.fr\/index.php\/wp-json\/wp\/v2\/media?parent=439"}],"wp:term":[{"taxonomy":"product_brand","embeddable":true,"href":"https:\/\/moucheandco.fr\/index.php\/wp-json\/wp\/v2\/product_brand?post=439"},{"taxonomy":"product_cat","embeddable":true,"href":"https:\/\/moucheandco.fr\/index.php\/wp-json\/wp\/v2\/product_cat?post=439"},{"taxonomy":"product_tag","embeddable":true,"href":"https:\/\/moucheandco.fr\/index.php\/wp-json\/wp\/v2\/product_tag?post=439"}],"curies":[{"name":"wp","href":"https:\/\/api.w.org\/{rel}","templated":true}]}}