{"id":501,"date":"2025-01-28T14:56:20","date_gmt":"2025-01-28T13:56:20","guid":{"rendered":"https:\/\/moucheandco.fr\/?post_type=product&#038;p=501"},"modified":"2025-01-28T17:18:10","modified_gmt":"2025-01-28T16:18:10","slug":"etui-a-lunettes","status":"publish","type":"product","link":"https:\/\/moucheandco.fr\/index.php\/produit\/etui-a-lunettes\/","title":{"rendered":"Etui \u00e0 lunettes"},"content":{"rendered":"<p>Parce que tes lunettes m\u00e9ritent elles aussi un peu de douceur et de style, d\u00e9couvre nos\u00a0<strong>\u00e9tuis \u00e0 lunettes<\/strong>\u00a0qui allient protection et fun !<\/p>\n<p>\u2728\u00a0<strong>Ce qui les rend g\u00e9niaux :<\/strong><\/p>\n<ul>\n<li><strong>Ext\u00e9rieur en simili cuir<\/strong>\u00a0: chic, r\u00e9sistant, et parfait pour faire face aux al\u00e9as du quotidien.<\/li>\n<li><strong>Rembourrage en ouate<\/strong>\u00a0: parce qu&rsquo;un petit coup, \u00e7a arrive, mais tes lunettes, elles, restent bien prot\u00e9g\u00e9es.<\/li>\n<li><strong>Int\u00e9rieur en coton color\u00e9<\/strong>\u00a0: doux pour tes verres et pr\u00eat \u00e0 les bichonner sans jamais les rayer.<\/li>\n<\/ul>\n<p>\ud83c\udfa8\u00a0<strong>Du fun jusque dans ton sac !<\/strong>\u00a0Avec leurs motifs color\u00e9s et leur finition soign\u00e9e, nos \u00e9tuis \u00e0 lunettes ajoutent une touche de peps \u00e0 ta routine. C&rsquo;est beau, pratique et 100% Mouche and Co !<\/p>\n<p>\ud83d\udc53 Tes lunettes vont adorer leur nouveau cocon, et toi aussi !<\/p>\n","protected":false},"excerpt":{"rendered":"<p>\ud83d\udd76\ufe0f\u00a0<strong>L&rsquo;\u00e9tui \u00e0 lunettes qui a tout bon !<\/strong>\u00a0\ud83d\udd76\ufe0f<\/p>\n","protected":false},"featured_media":495,"comment_status":"open","ping_status":"closed","template":"","meta":[],"product_brand":[],"product_cat":[29],"product_tag":[],"class_list":{"0":"post-501","1":"product","2":"type-product","3":"status-publish","4":"has-post-thumbnail","6":"product_cat-mode-et-accessoires","8":"first","9":"instock","10":"shipping-taxable","11":"purchasable","12":"product-type-variable"},"aioseo_notices":[],"jetpack_sharing_enabled":true,"_links":{"self":[{"href":"https:\/\/moucheandco.fr\/index.php\/wp-json\/wp\/v2\/product\/501","targetHints":{"allow":["GET"]}}],"collection":[{"href":"https:\/\/moucheandco.fr\/index.php\/wp-json\/wp\/v2\/product"}],"about":[{"href":"https:\/\/moucheandco.fr\/index.php\/wp-json\/wp\/v2\/types\/product"}],"replies":[{"embeddable":true,"href":"https:\/\/moucheandco.fr\/index.php\/wp-json\/wp\/v2\/comments?post=501"}],"wp:featuredmedia":[{"embeddable":true,"href":"https:\/\/moucheandco.fr\/index.php\/wp-json\/wp\/v2\/media\/495"}],"wp:attachment":[{"href":"https:\/\/moucheandco.fr\/index.php\/wp-json\/wp\/v2\/media?parent=501"}],"wp:term":[{"taxonomy":"product_brand","embeddable":true,"href":"https:\/\/moucheandco.fr\/index.php\/wp-json\/wp\/v2\/product_brand?post=501"},{"taxonomy":"product_cat","embeddable":true,"href":"https:\/\/moucheandco.fr\/index.php\/wp-json\/wp\/v2\/product_cat?post=501"},{"taxonomy":"product_tag","embeddable":true,"href":"https:\/\/moucheandco.fr\/index.php\/wp-json\/wp\/v2\/product_tag?post=501"}],"curies":[{"name":"wp","href":"https:\/\/api.w.org\/{rel}","templated":true}]}}