{"id":590,"date":"2025-01-29T15:25:22","date_gmt":"2025-01-29T14:25:22","guid":{"rendered":"https:\/\/moucheandco.fr\/?post_type=product&#038;p=590"},"modified":"2025-01-29T17:19:47","modified_gmt":"2025-01-29T16:19:47","slug":"bracelets-enfants","status":"publish","type":"product","link":"https:\/\/moucheandco.fr\/index.php\/produit\/bracelets-enfants\/","title":{"rendered":"Bracelets Enfants"},"content":{"rendered":"<p><strong>Pourquoi tu vas l&rsquo;adorer ?<\/strong><\/p>\n<ul>\n<li><strong>Parce qu&rsquo;il sauve les meubles<\/strong>\u00a0: Plus de panique \u00e0 la plage ou \u00e0 la f\u00eate foraine. \ud83c\udfa2<\/li>\n<li><strong>Parce que c&rsquo;est fun<\/strong>\u00a0: Ton mini-toi sera fier de son accessoire \u00ab\u00a0d&rsquo;aventurier officiel\u00a0\u00bb \ud83d\udd75\ufe0f\u200d\u2642\ufe0f, et toi, tu pourras respirer un bon coup.<\/li>\n<li><strong>Parce qu&rsquo;il te fait passer pour un parent super organis\u00e9<\/strong>\u00a0(et \u00e7a, c&rsquo;est toujours bon \u00e0 prendre \ud83e\udd73).<\/li>\n<\/ul>\n<p><strong>Bonus :<\/strong> il r\u00e9siste aux \u00e9claboussures, aux bains de sable et m\u00eame aux cascades olympiques de ton enfant. \ud83d\udca6\ud83c\udfd6\ufe0f<br \/>\nAlors, pr\u00eat(e) \u00e0 s\u00e9curiser les exp\u00e9ditions de ton petit bout sans te prendre la t\u00eate ? Commande vite ce bracelet et garde ton calme&#8230; enfin, autant que possible, parce qu&rsquo;on sait tous qu&rsquo;un enfant, \u00e7a court partout ! \ud83c\udfc3\u200d\u2640\ufe0f\ud83d\udca8<\/p>\n","protected":false},"excerpt":{"rendered":"<div dir=\"auto\">\n<p><strong>\ud83d\udc76 Bracelet personnalisable avec un num\u00e9ro de t\u00e9l\u00e9phone &#8211; Pour ne pas perdre ton mini-toi (ou le retrouver vite) \ud83d\udc76<\/strong><\/p>\n<p>Avoue, toi aussi tu as d\u00e9j\u00e0 eu une petite mont\u00e9e de stress parce que ton enfant avait d\u00e9cid\u00e9 de jouer \u00e0 cache-cache&#8230; tout seul&#8230; en plein supermarch\u00e9, sur la plage ou au parc ? \ud83d\ude43<\/p>\n<p>Ce bracelet sera un petit coup de pouce pour \u00e9viter les \u00ab\u00a0O\u00f9 est Charlie ?\u00a0\u00bb en pleine ville.<\/p>\n<p><strong>Le concept ?<\/strong><br \/>\nC&rsquo;est simple comme bonjour (ou presque) ! Tu choisis ton num\u00e9ro de t\u00e9l\u00e9phone (celui de papa, maman ou m\u00eame tata Micheline \ud83e\uddb8\u200d\u2640\ufe0f), et hop un bracelet solide et trop styl\u00e9 na\u00eet et peut \u00eatre pass\u00e9 au poignet de votre enfant !<\/p>\n<\/div>\n","protected":false},"featured_media":603,"comment_status":"open","ping_status":"closed","template":"","meta":[],"product_brand":[],"product_cat":[61],"product_tag":[],"class_list":{"0":"post-590","1":"product","2":"type-product","3":"status-publish","4":"has-post-thumbnail","6":"product_cat-pour-ton-enfant","8":"first","9":"instock","10":"shipping-taxable","11":"purchasable","12":"product-type-simple"},"aioseo_notices":[],"jetpack_sharing_enabled":true,"_links":{"self":[{"href":"https:\/\/moucheandco.fr\/index.php\/wp-json\/wp\/v2\/product\/590","targetHints":{"allow":["GET"]}}],"collection":[{"href":"https:\/\/moucheandco.fr\/index.php\/wp-json\/wp\/v2\/product"}],"about":[{"href":"https:\/\/moucheandco.fr\/index.php\/wp-json\/wp\/v2\/types\/product"}],"replies":[{"embeddable":true,"href":"https:\/\/moucheandco.fr\/index.php\/wp-json\/wp\/v2\/comments?post=590"}],"wp:featuredmedia":[{"embeddable":true,"href":"https:\/\/moucheandco.fr\/index.php\/wp-json\/wp\/v2\/media\/603"}],"wp:attachment":[{"href":"https:\/\/moucheandco.fr\/index.php\/wp-json\/wp\/v2\/media?parent=590"}],"wp:term":[{"taxonomy":"product_brand","embeddable":true,"href":"https:\/\/moucheandco.fr\/index.php\/wp-json\/wp\/v2\/product_brand?post=590"},{"taxonomy":"product_cat","embeddable":true,"href":"https:\/\/moucheandco.fr\/index.php\/wp-json\/wp\/v2\/product_cat?post=590"},{"taxonomy":"product_tag","embeddable":true,"href":"https:\/\/moucheandco.fr\/index.php\/wp-json\/wp\/v2\/product_tag?post=590"}],"curies":[{"name":"wp","href":"https:\/\/api.w.org\/{rel}","templated":true}]}}