{"id":637,"date":"2025-01-30T12:18:32","date_gmt":"2025-01-30T11:18:32","guid":{"rendered":"https:\/\/moucheandco.fr\/?post_type=product&#038;p=637"},"modified":"2025-11-17T15:34:46","modified_gmt":"2025-11-17T14:34:46","slug":"couvre-plat","status":"publish","type":"product","link":"https:\/\/moucheandco.fr\/index.php\/produit\/couvre-plat\/","title":{"rendered":"Couvre-plat"},"content":{"rendered":"<p>\ud83d\udc49\u00a0<strong>Pourquoi elles vont changer ta vie ?<\/strong><\/p>\n<ul>\n<li><strong>Double couche bien pens\u00e9e :<\/strong>\n<ul>\n<li>Ext\u00e9rieur en coton \u00e0 motifs color\u00e9s pour mettre du pep&rsquo;s dans ton frigo.<\/li>\n<li>Int\u00e9rieur en tissu sp\u00e9cial contact alimentaire pour garder tes aliments en toute s\u00e9curit\u00e9.<\/li>\n<\/ul>\n<\/li>\n<li><strong>Elles aiment le mouvement :<\/strong>\u00a0lavables en machine jusqu&rsquo;\u00e0 60\u00b0C, elles ressortent comme neuves pour repartir \u00e0 l&rsquo;assaut de tes plats.<\/li>\n<li><strong>Format malin :<\/strong>\u00a0deux tailles dispo, pour les petits bols ou les grands plats \u00e0 tarte&#8230; et m\u00eame pour les plats carr\u00e9s ou rectangles, gr\u00e2ce \u00e0 leur \u00e9lastique hyper flexible.<\/li>\n<\/ul>\n<p>Adopte-les, et dis adieu aux emballages jetables ! Que tu couvres une salade, un reste de g\u00e2teau ou une quiche, elles assurent \u00e0 tous les coups. Pratique, \u00e9cologique, et franchement canon, elles vont vite devenir tes meilleures alli\u00e9es en cuisine.<\/p>\n","protected":false},"excerpt":{"rendered":"<p><strong>Des charlottes alimentaires pour couvrir tout et n&rsquo;importe quoi (ou presque) !<\/strong><\/p>\n<p>Fini le plastique qui colle et se d\u00e9chire, place \u00e0 la r\u00e9volution dans ta cuisine avec nos charlottes alimentaires \u00e9lastiqu\u00e9es, pratiques et styl\u00e9es. Et devine quoi ? Gr\u00e2ce \u00e0 leur \u00e9lastique magique, elles s&rsquo;adaptent m\u00eame aux plats carr\u00e9s (oui, carr\u00e9s, on te l&rsquo;assure).<\/p>\n<p><strong>Taille Bol -&gt;<\/strong> Petit<br \/>\n<strong>Taille Plat \u00e0 tarte\/Saladier -&gt;<\/strong> Grand<\/p>\n","protected":false},"featured_media":640,"comment_status":"open","ping_status":"closed","template":"","meta":[],"product_brand":[],"product_cat":[18],"product_tag":[],"class_list":{"0":"post-637","1":"product","2":"type-product","3":"status-publish","4":"has-post-thumbnail","6":"product_cat-reutilisable","8":"first","9":"outofstock","10":"shipping-taxable","11":"purchasable","12":"product-type-variable"},"aioseo_notices":[],"jetpack_sharing_enabled":true,"_links":{"self":[{"href":"https:\/\/moucheandco.fr\/index.php\/wp-json\/wp\/v2\/product\/637","targetHints":{"allow":["GET"]}}],"collection":[{"href":"https:\/\/moucheandco.fr\/index.php\/wp-json\/wp\/v2\/product"}],"about":[{"href":"https:\/\/moucheandco.fr\/index.php\/wp-json\/wp\/v2\/types\/product"}],"replies":[{"embeddable":true,"href":"https:\/\/moucheandco.fr\/index.php\/wp-json\/wp\/v2\/comments?post=637"}],"wp:featuredmedia":[{"embeddable":true,"href":"https:\/\/moucheandco.fr\/index.php\/wp-json\/wp\/v2\/media\/640"}],"wp:attachment":[{"href":"https:\/\/moucheandco.fr\/index.php\/wp-json\/wp\/v2\/media?parent=637"}],"wp:term":[{"taxonomy":"product_brand","embeddable":true,"href":"https:\/\/moucheandco.fr\/index.php\/wp-json\/wp\/v2\/product_brand?post=637"},{"taxonomy":"product_cat","embeddable":true,"href":"https:\/\/moucheandco.fr\/index.php\/wp-json\/wp\/v2\/product_cat?post=637"},{"taxonomy":"product_tag","embeddable":true,"href":"https:\/\/moucheandco.fr\/index.php\/wp-json\/wp\/v2\/product_tag?post=637"}],"curies":[{"name":"wp","href":"https:\/\/api.w.org\/{rel}","templated":true}]}}